*o - 1. Is h(-7) a multiple of 13?
True
Let m be 1 - (2 + (-2 - 1)). Let f(c) = -m + 1 - c + 3*c. Is 6 a factor of f(7)?
False
Suppose 5*n = -5*q + 325, q + q + 146 = 2*n. Is n a multiple of 34?
False
Suppose -32*f + 31*f + 28 = 0. Does 2 divide f?
True
Let o = -7 + 14. Suppose u + 71 + o = 0. Is ((-18)/(-27))/((-4)/u) a multiple of 6?
False
Let d(x) = -x**2 + 6*x - 9. Let s(i) = i**2 - 5*i + 10. Let n(p) = 6*d(p) + 5*s(p). Let o = -9 + 18. Does 7 divide n(o)?
True
Is 3 a factor of (-3)/(-12)*4*(31 - 1)?
True
Let s = 16 + -5. Is s a multiple of 3?
False
Let t(a) = 9*a**2 + 2*a + 7. Let z be t(-5). Suppose -3*h + 6*h + z = 0. Is 8 a factor of 6/(-27) + h/(-9)?
True
Let a(g) = 34*g**2 + 2. Is 4 a factor of a(-1)?
True
Let d be (-8)/(-6)*(-12)/(-8). Suppose d*t = -4*i + 56, -3*t + 42 = 4*i - i. Suppose i - 70 = -4*g. Is 14 a factor of g?
True
Let h(a) = -a**2 - 20*a - 27. Does 4 divide h(-7)?
True
Let u = -6 - -6. Suppose u*b + 96 = 4*b. Does 18 divide b?
False
Let x(q) = q**3 + 9*q**2 + 8*q + 8. Let y be x(-8). Let p = y - 6. Suppose p*g = g + 15. Is 9 a factor of g?
False
Suppose j + 4*u + 34 = -j, 3*j + 42 = 3*u. Let q = 30 - j. Is q a multiple of 16?
False
Let y = -6 - -10. Suppose -3*j - w = -5*w - 44, y*w = -5*j + 116. Is 20 a factor of j?
True
Let a(b) = -4*b. Let x(t) = 9*t + 1. Let y(s) = -5*a(s) - 2*x(s). Let d be 2/(-3)*9/(-2). Does 2 divide y(d)?
True
Let w(f) = f**3 - 7*f**2 + 2*f + 7. Does 7 divide w(7)?
True
Suppose 0*p = t + p - 19, 4*p = -20. Does 3 divide t?
True
Let x be 4/(-6) + (-38)/(-3). Let a be 33/7 + x/42. Let t = a - -6. Is t a multiple of 11?
True
Is -28*(-5)/(3 - -2) a multiple of 14?
True
Let k = 105 - 70. Let v = k + -25. Is v a multiple of 5?
True
Let u(y) be the first derivative of -y**4/4 + 11*y**3/3 + 15*y**2/2 - 18*y - 2. Is u(12) a multiple of 9?
True
Suppose -3*n + j + 6 = -2, 3*n + 4*j = 28. Suppose n*t + 1 = 77. Suppose -48 = -5*y - 4*q - t, -5*q + 25 = 5*y. Is y a multiple of 3?
True
Suppose 0 = -4*q - 3*x + 201, q + 2*x - 69 = 5*x. Is 9 a factor of q?
True
Let q(x) = 50*x - 14. Let g(j) = 7*j - 2. Let r(h) = 44*g(h) - 6*q(h). Let s be r(3). Let k = 32 - s. Is 6 a factor of k?
True
Let w(r) = 2*r**3 + 3*r**2 + 3*r + 3. Let h be w(-2). Let a(j) = j**3 + 6*j**2 - 7*j - 2. Let b be a(h). Is 11 a factor of ((-44)/(-6))/(b/(-3))?
True
Suppose 3*i - 2 = 1. Does 22 divide (-126)/(-3) + 3 - i?
True
Let k(q) = 9*q**3 + 3*q**2 + 3*q + 3. Let u(j) = 18*j**3 + 7*j**2 + 7*j + 7. Let c(b) = -7*k(b) + 3*u(b). Is 18 a factor of c(-2)?
True
Let u be 20/9 - (-6)/(-27). Suppose -2*d - u*p = -18, -4*d + 60 = 5*p + 20. Suppose -d*k - 3 = -8*k, 0 = 5*l - 3*k - 122. Is 7 a factor of l?
False
Suppose 5*q - 12*q + 980 = 0. Does 10 divide q?
True
Suppose 2*u - 82 = -22. Is u a multiple of 15?
True
Suppose -6 = -4*m + 6. Suppose n + o - 32 = m*o, n - 3*o = 37. Does 17 divide n?
False
Let k(c) = c**2 - 2*c + 5. Let p(m) = -m + 13. Let g be p(7). Let j(w) = -w**2 + 8*w - 7. Let s be j(g). Is k(s) a multiple of 10?
True
Let k be (-9)/(-6)*4/3. Suppose 2*p = -y - 2*p - 2, -4*y + 7 = p. Suppose -4*z - 3*l - y*l = -44, k*z = 3*l. Is 3 a factor of z?
True
Let g(i) = -i**2 + 6*i + 6. Let o be g(8). Does 11 divide ((-6)/o)/(6/330)?
True
Does 8 divide ((-2)/4)/((-2)/124)?
False
Suppose 3*j - 200 = 5*c, 0*j - 3*c - 132 = -2*j. Does 15 divide j?
True
Is 7 a factor of 6/(-21) - (-1239)/49?
False
Let l(t) = 5*t**2. Let o be l(2). Suppose 5*g = 7*g - o. Is 3 a factor of g?
False
Let l = 204 - 126. Is l a multiple of 7?
False
Suppose -2*p - 3*p + i - 1 = 0, -4*i + 4 = -5*p. Suppose -2*z + 30 = -0*z. Suppose a - z = -p*a. Does 7 divide a?
False
Let i = 115 + -106. Is i even?
False
Let b(f) be the second derivative of f**7/280 + f**6/720 + f**4/4 + 3*f. Let j(v) be the third derivative of b(v). Is j(1) a multiple of 10?
True
Suppose -32*f = -21*f - 374. Is f even?
True
Suppose 2*q + 2 = -2. Let t(f) = 2*f**2 - 2. Does 6 divide t(q)?
True
Suppose -4 = -4*t - 32. Let q(m) = -2 - 1 - 2*m + 0*m. Does 11 divide q(t)?
True
Suppose 0 = 4*n + j - 283, 4*j = 14*n - 9*n - 380. Is 6 a factor of n?
True
Suppose 2*m = m + 20. Suppose 124 = 4*y + m. Is y a multiple of 13?
True
Let x(f) = f**3 - f**2 - 4. Let b be x(2). Suppose b = -k - 4*k + 145. Is k a multiple of 8?
False
Let h(t) = t. Let y(n) = -2*n**3 + n**2 - 6*n + 2. Let p(m) = -4*h(m) - y(m). Let w(l) be the first derivative of p(l). Is 11 a factor of w(2)?
True
Suppose 0*f = -f + 42. Suppose 0*s - f = -2*s. Does 21 divide s?
True
Let y = -101 + 71. Let l be (3 - 2) + y/(-1). Let i = 3 + l. Is 9 a factor of i?
False
Let q(b) = -b**3 - 7*b**2 - 8*b - 1. Let a be q(-6). Suppose -95 = -4*v - a. Is v a multiple of 7?
True
Let f = -16 + 33. Is f a multiple of 9?
False
Let i = -2 + -1. Let a = -1 - i. Suppose a*q + t - 40 = -3*t, -4*q + 107 = -t. Is q a multiple of 7?
False
Suppose 5 = b, 19 = 3*i + 4*b - 13. Suppose i*h - h - 36 = 0. Is h a multiple of 12?
True
Let h = 4 + -2. Suppose -5*w + 114 = -2*s, -h*s - s = 5*w - 129. Does 8 divide w?
True
Let g(n) = -n**2 + 9*n - 8. Let b be g(6). Let p = b + 1. Does 11 divide p?
True
Suppose -4*l + 35 = 4*z + 15, -4*z - 2*l + 14 = 0. Suppose -5*o - 50 = -z*x, -2*x = -3*o - 0*o - 50. Is 13 a factor of x?
False
Let o(x) = -x + 11. Let k be o(9). Suppose k*v - 9 + 1 = 0. Is 3 a factor of v?
False
Let f = -24 + 72. Is 6 a factor of f?
True
Suppose 20*p - 16*p = 36. Does 9 divide p?
True
Let k(n) = n**3 - 7*n**2 + 2*n - 10. Let a be k(7). Suppose m + 78 = a*c - c, 0 = 4*c - 3*m - 104. Is 13 a factor of c?
True
Let w(s) = s**2 - s - 2. Let k be w(2). Suppose -2*p = -z + 13, -2*z + k*p + 20 = 2*p. Is 5 a factor of z?
False
Suppose -20 = 4*l, -2*q + 9 = -l - 6. Suppose 3*m - 16 = -s, 0*s - q*m - 118 = -3*s. Is s a multiple of 8?
False
Let g(d) = d**3 - 4*d**2 - 4*d. Let s be g(5). Suppose 12 = s*p - 3. Let a(v) = v**2 + 5*v - 3. Does 21 divide a(p)?
True
Let c(f) = f + 8. Let x be c(0). Suppose 5*g + 4*a = x, 3*g + 5*a - 8 = a. Suppose 2*o - 90 + 38 = g. Does 13 divide o?
True
Let w(a) = -2*a + 59. Is w(0) a multiple of 33?
False
Suppose 0 = 5*n - 10 - 5. Suppose -k - 4*v + 59 = 0, n*v - 70 = -2*k + 7*v. Is 7 a factor of k?
False
Let p = 61 - 24. Let c = -21 + p. Is 16 a factor of c?
True
Let u = 1330 + -893. Suppose -z + 130 = -t, -73 = -4*z + 2*t + u. Suppose 6*q = 2*q + 3*c + z, 0 = 2*q - 5*c - 73. Is 12 a factor of q?
False
Let f = -4 + 6. Suppose 0 = f*l - 4*h - 76, 0*l = 2*l - 2*h - 66. Let s = -15 + l. Does 5 divide s?
False
Let c = 0 - -53. Does 10 divide c?
False
Suppose -3*v - 23 = 13. Suppose -j + 3 = 0, 4*m = -0*j + 5*j + 73. Let a = m + v. Is 5 a factor of a?
True
Let p(x) = x + 12. Let w be p(-9). Is 1/2*16*w a multiple of 24?
True
Let d(j) = -j**2 - 5*j + 8. Let y be d(-6). Suppose y = o - 6. Suppose -3*p - o = -47. Is p a multiple of 13?
True
Let r(p) = 3 - 3*p**2 + 4*p**2 - p - 4. Let k(c) = c**2 - 1. Let s(b) = 5*k(b) - 4*r(b). Is s(-5) a multiple of 2?
True
Let p(f) = f**2 - f - 1. Let a(y) = y**3 - 7*y**2 - 8*y + 3. Let g be a(8). Let s be p(g). Suppose -31 + 91 = s*u. Is 7 a factor of u?
False
Suppose 0 = 2*o - o - 46. Does 19 divide o?
False
Suppose 5*c + u = 4*u + 21, 0 = -5*u - 10. Suppose c*w + 2*w = 4*n + 92, n + 67 = 4*w. Is 8 a factor of w + (1 - 2)*1?
False
Suppose -2*s + 138 = s. Suppose t - s = -t. Is t a multiple of 23?
True
Let c(i) = -2*i**3 - i**2 + 2*i + 1. Let g(l) = l - 2. Let k be g(7). Let r be (2/k)/(2/(-10)). Is c(r) a multiple of 3?
True
Let m = 2 + -5. Let a(j) = -2*j - 3. Let v be a(m). Does 6 divide (-1)/(((-6)/v)/12)?
True
Suppose -z - 25 = z + 5*q, -5*z - 4*q - 20 = 0. Suppose -8*x + 4*x + 108 = z. Suppose 0*d + w = -5*d + 31, 0 = -d + 5*w + x. Is d a multiple of 3?
False
Let o = -4 + -5. Let p be (-2)/(-9) + (-601)/o. Let q = 100 - p. Is 16 a factor of q?
False
Is (44/10)/(20/950) a multiple of 37?
False
Let u = -10 + 10. Suppose u = -c + 4 - 6, -5*c - 46 = -3*s. Does 7 divide s?
False
Let p be (0 - 1)/(-1)*3. Suppose -35 = -p*t - 2*t. Is 7 a factor of t?
True
Let q(t) = -38*t - 28. Is 9 a factor of q(-5)?
True
Let r(q) = -q**2 + 7*q + 22. Let t be r(9). Suppose t*x - 9*x = -365. Is x a multiple of 16?
False
Suppose 0 = 2*v - 6*v. Let q(u) = -3*u**3 + 11 + 12 + 2*u**3 - u. Does 12 divide q(v)?
False
Let h(c) = 27*c**2 - c. 